at is the greatest common factor of 729 and x?
27
Let g = 6246 + -6235. Suppose 4*c - 163 = -51. Let p = -17 + c. Calculate the greatest common divisor of p and g.
11
Suppose 17*u = 28*u - 1782. Suppose -u = -3*n - 3*l, 3*n + 4*l - 2*l = 158. Calculate the highest common divisor of n and 475.
25
Suppose 4*y - r - 5535 = 0, 23*r + 1379 = y + 18*r. What is the greatest common factor of 104 and y?
8
Suppose c - 6*c + 50 = 0. Let v = -74 - -78. Suppose -4*n = 11 + 5, -4*n = -v*f + 96. Calculate the greatest common divisor of c and f.
10
Let o(b) = -6*b - 16. Let j be o(-3). Suppose -5*k + j*k + 72 = 0. What is the highest common divisor of 696 and k?
24
Suppose 0 = -16*t + 582 - 198. Let d be (-1)/((6/(-30))/(64/5)). What is the greatest common factor of d and t?
8
Let q(h) = -h**3 + 13*h**2 - 32*h + 242. Let j be q(12). Calculate the greatest common factor of j and 282.
2
Let r(a) = 6*a**2 + 7*a + 12. Let i be r(-3). Suppose 2*u - 29 = 7*l - 4*l, i = 3*u - 3*l. Let x = 51 - 11. Calculate the highest common divisor of u and x.
8
Let j be (-464)/56 + 2/7. Let f be (-78)/4*j/6. Let m be (-2 + 4 - 28)*(16 + -25). What is the greatest common factor of m and f?
26
Suppose 2*f - y = 14796, -87*y + 14806 = 2*f - 83*y. Calculate the greatest common factor of 98 and f.
49
Let g be (-29)/(-116)*(-132)/(-1). Let r be -1*(6/g - (-174)/11). Let f be 5/(60/r - -4). Calculate the highest common divisor of f and 60.
20
Let b be (-1)/(2/249*12/(-40)). Let t = 910 - b. Calculate the greatest common divisor of t and 99.
99
Suppose 567 = 12*b - 453. Suppose -499 = 7*f - 534. What is the highest common factor of b and f?
5
Suppose 0 = -a - 3*j + 9, -6*a + 81 = -2*a + 3*j. Suppose -34*y + 28*y + a = 0. Let k be (3*-9)/(y + (-5 - 0)). Calculate the highest common factor of k and 3.
3
Let h(c) be the first derivative of -30*c**2 + 11*c - 143. Let t be h(0). What is the highest common divisor of 187 and t?
11
Suppose -a - 18 = 2*p, 13 = -3*p - a + 3*a. Let n(y) = -y**3 - 6*y**2 + 6*y - 3. Let d be n(p). What is the greatest common divisor of 4 and d?
4
Let l(c) = 8*c**2 + 5*c + 9. Let f be l(-2). Suppose -3*y - 5*o = -5*y + f, -5*y + 62 = 3*o. What is the greatest common factor of 91 and y?
13
Suppose 32 = -15*t + 212. Suppose -4*p - 940 = -5*w, -8*p + t*p = -2*w + 348. Let d(h) = 4*h + 3. Let i be d(5). What is the highest common divisor of w and i?
23
Suppose -5*z - 51 = -61. Let a be ((-9)/18)/(z/(-12))*5. What is the highest common divisor of a and 75?
15
Let l = -23433 + 31397. What is the greatest common divisor of l and 176?
44
Let r(t) = -21*t**2 + 3*t - 1. Let m be r(3). Let j be (-3 - -4) + m - 1. Let f be 3 + (1/1)/1 - j. Calculate the highest common divisor of f and 74.
37
Let k(b) = -b**3 - 30*b**2 - 16*b - 455. Let j be k(-30). What is the greatest common divisor of j and 1735?
5
Suppose -3*l + 22 = i, -38*l + 34*l + 27 = -i. Let t(w) = -w - 1. Let g be t(-8). Calculate the greatest common divisor of l and g.
7
Suppose 77*u + 225*u - 52490 = 121*u. Let j be 20 + (1 - (0 - -1)). What is the greatest common divisor of j and u?
10
Let y = 55 - 27. Suppose 0 = y*c - 30*c - 614. Let s = c - -769. Calculate the greatest common factor of 42 and s.
42
Let v = 269 + 3133. Calculate the highest common divisor of v and 252.
126
Let i be (-14 + 2)*(25/10 + -3). Suppose -i*p + 285 + 339 = 0. What is the greatest common divisor of p and 182?
26
Let g be -516*(-69 + 76 + 30/(-4)). Calculate the highest common factor of g and 378.
6
Let p(z) = 22*z**2 + 50*z + 137. Let j be (-20)/6 + (-22)/(-3) + -7. Let v be p(j). Calculate the greatest common divisor of v and 37.
37
Let q = 531 + -388. Calculate the greatest common divisor of 2717 and q.
143
Let x be (9/((-81)/132))/(4/36). Let o = x - -163. Let r(t) = -278*t + 1. Let m be r(-1). What is the greatest common divisor of o and m?
31
Suppose 2*b - 3890 = -2*c, -5*c + 3*b = 4644 - 14329. Calculate the greatest common factor of c and 20.
20
Let a = -4497 - -5371. What is the greatest common divisor of 950 and a?
38
Suppose -44*c - 105*c = -6258. Calculate the highest common factor of 44226 and c.
42
Suppose -3*h + 28*y = 30*y - 632, -1020 = -5*h + 5*y. What is the greatest common factor of 78 and h?
26
Let l(c) = 122*c**2 - 991*c + 992. Let s be l(1). Calculate the highest common divisor of 2542 and s.
41
Let m(s) = -20 + 27 + 19*s - 10*s**2 - 22 + s**3. Let d be m(8). Let r(i) = 40*i - 21. Let n be r(3). What is the highest common divisor of n and d?
9
Suppose 0 = -2*d + 110 + 72. Suppose 4376 = 28*n + 4180. What is the highest common factor of n and d?
7
Let i be (-9)/(-15) + (-26)/10. Let h be i/6*0 + 126. Let b be (20/12)/(3/h). Calculate the greatest common factor of 10 and b.
10
Let f = 20 + -96. Let h be 11 - 4 - f/19. What is the greatest common factor of 583 and h?
11
Let w = 5839 + -5709. What is the highest common factor of w and 754?
26
Suppose 0 = -839*w + 753*w + 580500. Calculate the highest common divisor of 18 and w.
18
Let b(n) = -3*n + 160. Let o be 20/(-40) - 3/(-6). Let l be b(o). What is the highest common factor of 40 and l?
40
Let p(o) = o**2 - 5*o - 1. Suppose -3*a - 3*d = -7*a - 24, d - 13 = 3*a. Let x be p(a). Calculate the highest common factor of 1 and x.
1
Let b(j) = -142*j + 834. Let u be b(5). Calculate the greatest common divisor of 651 and u.
31
Suppose -21*i + 3240 = 14*i + 19*i. What is the highest common divisor of 2140 and i?
20
Let n(g) = 459*g + 561. Let x be n(5). Calculate the highest common factor of 72 and x.
24
Suppose 6800 = 2*l + 2*g, 3*g - 6803 = 60*l - 62*l. Calculate the highest common factor of 129 and l.
43
Let c = -10405 - -10515. Suppose 0 = -3*b - 154 + 418. What is the greatest common factor of b and c?
22
Let r(k) = -79*k - 1121. Let q be r(-24). What is the greatest common factor of q and 100?
25
Let j = -108 + 111. Let v(m) = 88*m + 16. Let b be v(j). What is the highest common divisor of b and 40?
40
Suppose 0 = 16*t - 676 - 1388 - 544. What is the greatest common divisor of 4 and t?
1
Suppose 144 = -3*o + r - 2*r, -2*o = 2*r + 92. Let b = o + 50. Let z = 19 + b. What is the greatest common divisor of 20 and z?
20
Let k = -2902 + 3460. Calculate the highest common factor of 234 and k.
18
Let x be ((-29028)/328)/(3/(-10)). Calculate the greatest common divisor of x and 26255.
295
Let u be (0 - 65)*2/(-2). Let y(l) = -115*l**2 + 8*l + 3. Let c be y(2). Let o be (-98)/c - 232/(-9). What is the highest common divisor of u and o?
13
Suppose 4*f - 7*f = 153. Let m = f + 100. Suppose 3*h - 111 = -g - g, g - 5*h - m = 0. Calculate the greatest common factor of g and 18.
18
Suppose -3*j + 2*z + 21 = 0, -2*j - 530*z + 22 = -534*z. Calculate the highest common divisor of 7895 and j.
5
Suppose -89 = -3*k + 4*y, 0 = -k - 0*y - 3*y + 34. Suppose 6*v + k = 139. Let c = 4 - 2. What is the greatest common divisor of v and c?
2
Suppose -4*f = 0, -8 = -4*l - 0*f + 5*f. Let v = 30 - 25. Suppose -65 = -5*t + v*w, 115 = 8*t - 3*t + 5*w. What is the highest common divisor of l and t?
2
Suppose 2*b + 3*m - 57 = 0, 4*b + m = -18 + 117. Let j = -21836 + 21844. Calculate the highest common divisor of j and b.
8
Suppose 2*v = -4*b + 8, 2*v + 5*b = -2*v + 10. Let d be v + 4 + 0 + -3. Suppose -d - 35 = -f. Calculate the highest common divisor of f and 36.
36
Suppose 5*s = 3*l - 26, 0*l + 3*s - 18 = -3*l. Let v be (-116)/(-1682) + 808/58. What is the greatest common factor of v and l?
7
Let v be ((-9)/(-12))/(1/(-96)*2). Let u = 61 + v. Suppose -23*k - 10 = -u*k. Calculate the highest common factor of 45 and k.
5
Let l = 19 + 5. Suppose 0 = -44*z + 57*z + 68*z - 4860. Calculate the highest common factor of z and l.
12
Let s = -536 - -550. Suppose s*u + 91 - 595 = 0. Calculate the greatest common divisor of 48 and u.
12
Let q = 2569 + -1948. Let o = 75 + -52. Calculate the greatest common factor of o and q.
23
Suppose -2*y + 153 = -5*u, 0 = -y - 3*u + 11 + 49. Let n be ((-20)/(-5))/(y/(-72) + 1). What is the highest common factor of n and 12?
12
Suppose 5*d + 3*s - 3255 = 0, 40*d - 5*s = 39*d + 623. What is the greatest common divisor of 1674 and d?
54
Let d = 27 - 29. Let t be 6/d + (38 - (0 - -2)). Suppose -w = -5*n - 239, 2*w - 523 = -4*n + 5*n. What is the highest common factor of t and w?
3